9444. Suppose c = 16*v + 102. What are the prime factors of v?
5, 59
Suppose 88*z - 1733266 = -130*z + 95536. What are the prime factors of z?
8389
Let r be 4/(16/(-3)) + 319/4. Let g be (12/(-9))/((-2)/(-78)). Let q = r + g. What are the prime factors of q?
3
Let z = 35 - 49. Let o be (-33)/77 - 20/z. What are the prime factors of o + (460 - 1)/3?
2, 7, 11
Suppose 2*u - 3*g = 10983, 3*u - 2*g - 21832 = -5350. What are the prime factors of u?
2, 3, 229
Suppose -202*r - 872365 + 1081143 + 1273094 = 0. What are the prime factors of r?
2, 7, 131
Let v(h) = -h**3 - 25*h**2 + 21*h. Suppose -14*m + 18*m = -424. Let a = 80 + m. List the prime factors of v(a).
2, 5, 13
Suppose 147 = -16*d - 1389. List the prime factors of (1801428/d)/(-19) + (-3)/(-8).
2, 13, 19
Suppose -4*k - 5*j = -164, -3*j + j = -5*k + 172. Let x be 1/9 + 2264/k. Suppose 3*h - x = 306. List the prime factors of h.
3, 41
Let y = 154 + -136. Suppose y*f + 6*f - 19080 = 0. List the prime factors of f.
3, 5, 53
Suppose 959 = -6*s - s. Let z = s - -139. Suppose -z*a + 121 + 73 = j, -3*j + 3*a + 591 = 0. What are the prime factors of j?
2, 7
Let y(u) = -28 - u + 8 + 30*u**2 - 18*u**2 - 8*u**2. List the prime factors of y(-9).
313
Let q(o) be the second derivative of -o**5/20 - 11*o**4/12 + 13*o**3/6 + 13*o**2/2 - 20*o. Let x be q(-12). List the prime factors of (x - 6/(-4))*(5 - -77).
5, 41
Let d = 515 - 515. Suppose -20*s + 6570 + 19010 = d. What are the prime factors of s?
1279
Let w = -7848 + 11213. List the prime factors of w.
5, 673
Suppose 39 = 12*r + r. Suppose 2*c + 4*p - 1438 = 0, r*p = 2*c + 9 - 1475. List the prime factors of c.
727
Suppose 219*t = 222*t - 5*y - 115804, 3*t + 2*y - 115769 = 0. What are the prime factors of t?
38593
Let r = -27 + 30. Let h(p) = -p**r + 6 + 5*p + 0*p - 4*p**2 + 0*p + 0*p. What are the prime factors of h(-7)?
2, 59
Let k(l) = -2*l + 4. Let d be k(1). Suppose 0 = d*x + 4*t - 0*t + 850, 2*x + 836 = 3*t. Let z = -189 - x. What are the prime factors of z?
2, 29
Suppose -p - 42 + 1174 = -3*b, -4*p + 3*b = -4537. Suppose p = g - r, 2*g - 272 = -4*r + 2010. What are the prime factors of g?
3, 379
Let c be 151 - 3/(-6)*8. Suppose -35 = -5*y + c. What are the prime factors of y?
2, 19
List the prime factors of (-2 + -359)*(1/8 - 135/120).
19
Let i(l) = -l**3 + 5*l**2 + 6*l + 9. Let k = 418 - 413. What are the prime factors of i(k)?
3, 13
Suppose 6*r + 7845 = 2*n + 3*r, -4 = -4*r. List the prime factors of -4 + 26/(-65) + n/10.
2, 97
Suppose -10865 = -5*c + 3*g, 6519 = 8*c - 5*c + g. What are the prime factors of c?
41, 53
Let v(q) be the first derivative of -q**4/4 - 16*q**3/3 + 17*q**2/2 + 15*q - 93. Suppose 5 + 12 = -f. What are the prime factors of v(f)?
3, 5
Suppose 5*j + 2*y - 317 = 0, -4*y + 32 = j - 35. Suppose u - 8*u = -j. Suppose 4*s = u*s - 180. List the prime factors of s.
2, 3
Let l(w) = 22*w**3 - 132*w + 752. What are the prime factors of l(6)?
2, 19, 31
Let a(b) = 4*b**2 + 17*b + 13. Let h(t) = -7*t**3 + t**2 - 4*t + 2. Suppose l = 2*l + z - 4, 5*l + 10 = 5*z. Let c be h(l). What are the prime factors of a(c)?
7, 19
Suppose -251506 = -175*w + 181324 + 199095. What are the prime factors of w?
23, 157
Suppose 42*r - 46*r - 308 = 0. Let j = -75 - r. Suppose 5*d + 10 = 0, 0 = -2*g - j*g + 5*d + 190. List the prime factors of g.
3, 5
Let l(z) = 27*z + 6. Let a = 6 - 13. Let h be l(a). Let x = 261 + h. What are the prime factors of x?
2, 3, 13
Let i(v) = v**3 + 13*v**2 - 91*v - 15. Let w be i(-18). Suppose q + 5105 = 6*q + 2*k, w*q = -4*k + 3077. What are the prime factors of q?
1019
Suppose 5*b = 2*v + 23720, -6*b - 4*v + 28464 = -8*v. List the prime factors of b.
2, 593
Let k = 748 + 236. Suppose -5*u = -35 + 25. Suppose -10*y = -u*y - k. What are the prime factors of y?
3, 41
Let m be (3 + -3 + 1)*-2 - 4. Let y be -8*(-38)/(m/(-3)). Let u = y - -75. What are the prime factors of u?
227
Let i(p) = p - 6. Let f be i(2). Let b(a) = -58*a + 7. Let l be b(f). Let t = l - 156. What are the prime factors of t?
83
Let z be ((-3)/(-9))/1 + (-2152)/(-6). Let g = z - -4. List the prime factors of g.
3, 11
Suppose -4*b - g = 240, -5*g = 3*b - 8*g + 180. List the prime factors of (b - 6)/(-6)*5*6.
2, 3, 5, 11
What are the prime factors of (-10)/8 + 2108073/132?
3, 5323
Suppose 3*x - 10 = 5*x, -2*q + 6741 = -5*x. What are the prime factors of q?
2, 23, 73
Suppose -5*x - 40 = -5*b, b - 37 = -3*b + 5*x. Suppose 23*z - 940 = b*z. Suppose z*a + 76 = 48*a. What are the prime factors of a?
2, 19
Let f = -9588 + 14069. What are the prime factors of f?
4481
Let p = -100 + 98. Let z be 231 + p + 6 + -4. Let y = z + -27. What are the prime factors of y?
2, 3, 17
Let z be (-3*(4 - -1))/(-1). Suppose 20*k = z*k + 15. Suppose r = -k*r + 480. List the prime factors of r.
2, 3, 5
Suppose -2*p - 5*z = -1622, 3*p = -2*z + z + 2459. Suppose -5*g = -0*g + c - 2035, -2*g + p = -c. What are the prime factors of g?
2, 3, 17
Suppose 11*m - 20*m + 18 = 0. Suppose -3*g = 0, -3*p + 220 = -m*g - 86. What are the prime factors of p?
2, 3, 17
Suppose 0 = 8*r - 133 - 35. Suppose -z - 4*z - 90 = 0. Let v = z + r. What are the prime factors of v?
3
Suppose -5080 = -9*l + 7*l. Suppose -8*a + 5*a = -4*u + 2055, -5*u = 2*a - l. List the prime factors of u.
2, 3, 5, 17
Suppose 3*d + 3*n + 2 = 5*n, -2*d = -3*n + 8. Suppose -7*a + 17*a - 5*a = 0. Suppose d*h - h - 209 = a. What are the prime factors of h?
11, 19
Suppose 4*k - 6136 = -2*l, -46*k + 42*k + 5*l = -6108. List the prime factors of k.
2, 383
Suppose -4*w - 509 = -f - 47, 5*f + 5*w = 2260. What are the prime factors of (-1)/(f/690 + 8/(-12))?
5, 23
Suppose -5*k + 114649 = -4*g, -98*g = 3*k - 103*g - 68779. What are the prime factors of k?
17, 19, 71
Let x be (-1 - (2 - 7)) + (5 - 3). What are the prime factors of (0/3 - -409) + x?
5, 83
Let p be 5 + 4/(-10) + 42/30. Let d be 1/(4/p) - (-198)/4. Let z = -4 + d. List the prime factors of z.
47
Suppose 4*r - 1466 - 160 = -2*u, -3*r + 4072 = 5*u. List the prime factors of u.
5, 163
Let d = 50 - 46. Suppose -2*x - 2 = 0, 4*l - d*x + 99 = 335. Let v = l + -8. List the prime factors of v.
2, 5
List the prime factors of 7201/(182/13 + -13).
19, 379
Let g(x) = -9*x + 17. Let k(h) = h + 1. Let q(w) = -g(w) - 4*k(w). Let a be q(5). Suppose -5*y + 304 = 4*i, -3*y + 67 = i - a*y. List the prime factors of i.
71
Suppose -2*k + 2 = w + 10, -4*k = 4*w + 16. Suppose -16*c + 5*c - 638 = w. Let d = -11 - c. What are the prime factors of d?
47
Suppose 0 = -4*a + 5*r + 5280 + 20979, -3*a = -r - 19686. List the prime factors of a.
3
Suppose l - 2 = 0, 0 = -2*j - 4*l - 2 + 14. Suppose -3*m - m = 3*t - 30, 3*t = -j*m + 36. List the prime factors of t.
2, 7
Suppose -2*f + 3 - 17 = 3*l, 2*l + 2*f + 12 = 0. Let q = 209 - 207. What are the prime factors of 97 - (-1)/l*q*-1?
2, 7
Suppose -2*y = b - 7, -3*y + 4*b = -14 - 13. Suppose 5*a - 4*a = 10. What are the prime factors of (y - 125/a)*-4?
2, 3, 5
List the prime factors of (-145288)/(-20) - ((-4)/22 + 345/(-825)).
5, 1453
Let z(h) = -47*h - 14 + 2*h**2 - 71*h**3 + 54*h + 73*h**3. List the prime factors of z(5).
3, 107
Let y be 44/12 - -3*(-8)/36. What are the prime factors of 0/((-4)/2) - -244 - y?
241
Let f(t) = 2*t**2 + 22*t + 9. Let d be f(-11). What are the prime factors of (-9)/((-162)/564)*d?
2, 3, 47
Suppose 240872 = 29*k + 13193. What are the prime factors of k?
3, 2617
List the prime factors of 4*-1*(-12)/(-8)*24066/(-54).
2, 7, 191
Let s be (20/12)/((-4)/(-24) + 0). List the prime factors of 683/s - (-48)/(-160).
2, 17
Let d(o) = -6*o + 5. Suppose 34 + 161 = -13*t. Let a be ((-250)/t)/(-2*1/3). List the prime factors of d(a).
5, 31
Let c(s) = 2622*s + 28. Let t be c(1). Suppose -3*i - 686 = -m, 5*m - 3*i = 804 + t. What are the prime factors of m?
2, 173
Suppose 42*o = 16*o + 65250 + 40570. What are the prime factors of o?
2, 5, 11, 37
Suppose -5*q + 499 + 494 = 2*f, -3*f + 1517 = 2*q. Suppose -391 = -6*i + f. List the prime factors of i.
2, 3, 5
Suppose h + h + 65 = -i, -2*i - 94 = -5*h. Let w = -58 - i. List the prime factors of (4/12)/((3 + w)/276).
2, 23
Let d be 499/5 - (-3 + 56/20). Let m = -64 + d. Let f = -8 + m. List the prime factors of f.
2, 7
Suppose 0 = -h + 33 + 243. Suppose 2*t = m + t - 52, t + h = 5*m. Suppose c + m = 231. What 